0 a multiple of 178?
True
Is 90900 a multiple of 300?
True
Does 516 divide 809088?
True
Is 30600 a multiple of 150?
True
Is 94 a factor of 242293?
False
Is 49 a factor of 12416796?
True
Is 342 a factor of 9094297?
False
Is 601955 a multiple of 18?
False
Does 63 divide 1318827?
False
Is 63 a factor of 217728?
True
Is 434660 a multiple of 179?
False
Is 871373 a multiple of 8?
False
Does 530 divide 10165509?
False
Is 28 a factor of 723324?
True
Is 366 a factor of 396433?
False
Does 12 divide 232809?
False
Is 82848 a multiple of 166?
False
Does 115 divide 254725?
True
Is 1114 even?
True
Is 23 a factor of 4681482?
False
Does 191 divide 95118?
True
Is 16 a factor of 87684?
False
Is 234 a factor of 5395104?
True
Is 120 a factor of 1984776?
False
Is 6 a factor of 58416?
True
Is 47 a factor of 348317?
True
Is 96 a factor of 1394304?
True
Does 54 divide 81270?
True
Is 53 a factor of 146280?
True
Is 22 a factor of 14286584?
False
Is 393930 a multiple of 15?
True
Is 15 a factor of 10130505?
True
Does 46 divide 12907232?
True
Does 59 divide 4530864?
False
Is 46359 a multiple of 27?
True
Is 208 a factor of 239751?
False
Does 158 divide 567838?
False
Is 359 a factor of 4114858?
True
Does 483 divide 266134?
False
Does 7 divide 2429658?
True
Is 624618 a multiple of 538?
True
Is 15132 a multiple of 39?
True
Does 17 divide 526412?
False
Is 327383 a multiple of 43?
False
Is 94 a factor of 111390?
True
Is 16 a factor of 308295?
False
Is 362620 a multiple of 670?
False
Does 13 divide 352157?
True
Is 4204 a multiple of 51?
False
Does 37 divide 2621561?
True
Is 3211860 a multiple of 60?
True
Is 81 a factor of 318332?
False
Does 59 divide 399253?
True
Does 43 divide 325295?
True
Does 251 divide 275096?
True
Is 15640 a multiple of 34?
True
Is 12511 even?
False
Does 666 divide 6910610?
False
Is 93 a factor of 910935?
True
Is 15 a factor of 175805?
False
Is 36 a factor of 8225392?
False
Is 54 a factor of 65640?
False
Is 17 a factor of 1278265?
False
Is 273784 a multiple of 5?
False
Does 7 divide 9912343?
True
Is 19058985 a multiple of 15?
True
Is 13 a factor of 14237?
False
Does 25 divide 1442275?
True
Is 9 a factor of 1923202?
False
Is 224 a factor of 731808?
True
Is 41 a factor of 3410380?
True
Is 221 a factor of 42292?
False
Does 177 divide 658263?
True
Does 26 divide 11268924?
False
Does 169 divide 2826018?
True
Does 15 divide 77579?
False
Does 411 divide 3962673?
False
Does 21 divide 8588?
False
Is 68 a factor of 130828?
False
Is 246983 a multiple of 19?
False
Is 6153420 a multiple of 805?
True
Does 70 divide 119210?
True
Does 6 divide 1970458?
False
Does 31 divide 157351?
False
Is 270368 a multiple of 8?
True
Does 40 divide 147400?
True
Is 448 a factor of 9346176?
True
Is 557 a multiple of 15?
False
Does 1513 divide 171862?
False
Does 19 divide 1932120?
False
Is 722 a factor of 1098884?
True
Does 4 divide 200619?
False
Is 702253 a multiple of 9?
False
Is 28 a factor of 231670?
False
Is 126906 a multiple of 13?
True
Does 14 divide 100408?
True
Is 746505 a multiple of 313?
True
Is 13 a factor of 29655?
False
Is 1182031 a multiple of 36?
False
Does 16 divide 129376?
True
Is 469668 a multiple of 177?
False
Is 13176 a multiple of 24?
True
Does 7 divide 161924?
True
Is 338897 a multiple of 15?
False
Is 553 a factor of 256039?
True
Does 13 divide 4002207?
False
Does 27 divide 336051?
False
Is 2524271 a multiple of 22?
False
Is 5 a factor of 27429?
False
Is 5138666 a multiple of 707?
False
Is 3788603 a multiple of 47?
False
Is 23301208 a multiple of 1247?
False
Is 178600 a multiple of 38?
True
Does 38 divide 1752522?
True
Is 83 a factor of 575107?
True
Does 7 divide 199822?
True
Does 197 divide 24428?
True
Does 570 divide 6967680?
True
Is 236601 a multiple of 381?
True
Is 166542 a multiple of 13?
False
Does 8 divide 4992656?
True
Does 38 divide 12886060?
False
Is 181 a factor of 3610226?
True
Does 26 divide 240370?
True
Is 14090745 a multiple of 28?
False
Is 13730 a multiple of 5?
True
Is 119 a factor of 1039584?
True
Is 14 a factor of 324677?
False
Does 120 divide 612720?
True
Is 203051 a multiple of 155?
False
Does 99 divide 14570721?
True
Is 25 a factor of 680475?
True
Is 362624 a multiple of 436?
False
Is 18 a factor of 3380708?
False
Is 793383 a multiple of 17?
False
Does 86 divide 628230?
True
Does 261 divide 1239228?
True
Is 6 a factor of 229397?
False
Does 166 divide 113544?
True
Is 259 a factor of 525230?
False
Is 46578 a multiple of 6?
True
Is 367301 a multiple of 41?
False
Is 61 a factor of 57218?
True
Is 630939 a multiple of 13?
False
Is 536050 a multiple of 10?
True
Is 15 a factor of 10449786?
False
Is 57 a factor of 524628?
True
Is 258999 a multiple of 229?
True
Is 83 a factor of 358809?
True
Is 428999 a multiple of 23?
False
Is 1576445 a multiple of 492?
False
Does 18 divide 1960056?
True
Is 4184328 a multiple of 24?
True
Is 1765878 a multiple of 32?
False
Is 2307 a factor of 2050923?
True
Is 14 a factor of 44965?
False
Does 200 divide 588200?
True
Does 23 divide 79350?
True
Is 432 a factor of 11425104?
True
Does 24 divide 458230?
False
Is 3617430 a multiple of 865?
True
Is 46 a factor of 219052?
True
Does 12 divide 75603?
False
Does 356 divide 1682100?
True
Is 166 a factor of 70882?
True
Is 76 a factor of 632852?
True
Is 1020 a factor of 3418020?
True
Is 1906361 a multiple of 44?
False
Is 114012 a multiple of 36?
True
Does 62 divide 1384?
False
Does 23 divide 13458082?
True
Does 228 divide 911665?
False
Is 32185 a multiple of 157?
True
Is 13880565 a multiple of 27?
True
Is 6 a factor of 121614?
True
Is 153 a factor of 268209?
True
Does 556 divide 1301596?
True
Does 308 divide 522975?
False
Does 237 divide 174510?
False
Is 421938 a multiple of 66?
True
Does 23 divide 724960?
True
Does 15 divide 4974?
False
Does 1380 divide 3629400?
True
Is 38 a factor of 2546977?
False
Is 123618 a multiple of 43?
False
Is 41 a factor of 6028479?
False
Does 14 divide 3182540?
False
Is 7213138 a multiple of 64?
False
Does 263 divide 833708?
False
Is 1445389 a multiple of 29?
True
Is 435 a factor of 868418?
False
Is 105 a factor of 205170?
True
Does 23 divide 444038?
True
Is 77016 a multiple of 36?
False
Does 6 divide 17331?
False
Does 227 divide 566323?
False
Is 537 a factor of 385029?
True
Is 9 a factor of 502139?
False
Does 941 divide 1285406?
True
Does 264 divide 4911720?
True
Is 283 a factor of 197817?
True
Does 46 divide 451812?
True
Does 207 divide 3731589?
True
Does 6 divide 29326?
False
Is 606 a factor of 3294905?
False
Does 244 divide 302099?
False
Is 520790 a multiple of 311?
False
Is 143669 a multiple of 82?
False
Is 247863 a multiple of 77?
True
Is 19631 even?
False
Does 10 divide 979043?
False
Is 318 a factor of 6506540?
False
Is 374 a factor of 2563770?
True
Is 739444 a multiple of 6?
False
Is 303 a factor of 601635?
False
Is 15 a factor of 414120?
True
Is 462 a factor of 3283434?
True
Does 33 divide 837722?
False
Does 15 divide 667479?
False
Is 1154558 a multiple of 500?
False
Is 158147 a multiple of 9?
False
Is 275 a factor of 7735254?
False
Is 498 a factor of 1752575?
False
Is 141 a factor of 17754438?
True
Does 75 divide 60825?
True
Is 2474393 a multiple of 5?
False
Is 14945 a multiple of 82?
False
Is 101 a multiple of 101?
True
Is 7352109 a multiple of 87?
True
Is 321402 a multiple of 7?
False
Is 111 a factor of 2638803?
True
Does 10 divide 10088817?
False
Is 374401 a multiple of 50?
False
Is 358 a factor of 243031?
False
Is 125 a factor of 41875?
True
Is 143954 a multiple of 862?
True
Is 48 a factor of 230928?
True
Is 87 a factor of 177272?
False
Is 133 a factor of 1215854?
False
Does 92 divide 1594360?
True
Is 1518391 a multiple of 158?
False
Is 101669 a multiple of 57?
False
Is 37 a factor of 21888?
False
Does 6 divide 782772?
True
Is 252 a factor of 3638376?
True
Does 7 divide 78709?
False
Is 132065 a multiple of 28?
False
Does 54 divide 1209843?
False
Does 58 divide 212628?
True
Does 5 divide 10846377?
False
Is 208 a factor of 2860416?
True
Does 162 divide 12865716?
True
Is 82228 a multiple of 360?
False
Is 56748 a multiple of 12?
True
Is 2543751 a multiple of 939?
True
Is 26 a factor of 113687?
False
Does 20 divide 27460?
True
Does 46 divide 1590817?
False
Is 5390 a multiple of 14?
True
Is 45 a factor of 417645?
True
Is 35 a factor of 29967?
False